+ 27. Give u(-11).
49
Let o(d) = 7*d - 116. Calculate o(-45).
-431
Let r(s) = 21*s + 421. What is r(-24)?
-83
Let d(f) = f**3 - 41*f**2 - 18*f - 798. What is d(42)?
210
Let s(p) = 7*p**2 - 21*p + 15. Give s(4).
43
Let t(c) = 380*c + 6992. Calculate t(-19).
-228
Let i(v) = 2*v**3 + 59*v**2 - 26*v + 28. What is i(-30)?
-92
Let r(q) = 72*q**2 - 374*q + 39. Determine r(5).
-31
Let w(s) = -2*s**2 - 36*s + 9. Give w(-20).
-71
Let x(t) = 8*t**2 - 92*t - 9. What is x(12)?
39
Let c(t) = -19*t + 577. Give c(30).
7
Let x(u) = 7*u - 27. Determine x(11).
50
Let a(h) = -h**3 + 39*h**2 - 65*h - 300. Give a(37).
33
Let c(b) = b**3 + 5*b**2 - 32*b - 159. Determine c(-5).
1
Let h(p) = 77*p**3 - 19*p - 19. Calculate h(-1).
-77
Let k(j) = 2*j**3 - 135*j**2 + 71*j - 237. Give k(67).
31
Let i(z) = 3*z**3 + 3*z**2 - 12*z - 2. Determine i(4).
190
Let t(n) = -14*n - 23. Calculate t(-43).
579
Let u(d) = d**2 + 29*d - 335. Calculate u(12).
157
Let o(z) = -137*z - 1102. Give o(-8).
-6
Let j(s) = 4*s**3 + 5*s**2 - 3*s. What is j(1)?
6
Let g(h) = 50115*h - 300687. What is g(6)?
3
Let m(x) = -16*x**2 + 17*x - 36. What is m(2)?
-66
Let h(s) = s**3 - 4*s**2 - 120*s - 12. Give h(13).
-51
Let a(u) = 50*u**2 + 68*u - 229. Give a(4).
843
Let m(a) = 21*a**3 - a**2 + 22*a - 22. What is m(1)?
20
Let r(h) = -21*h**2 - 155*h + 300. Give r(2).
-94
Let g(l) = 6*l**2 + 36*l + 3. Give g(-5).
-27
Let j(m) = -m**2 + 89*m - 1369. Give j(66).
149
Let o(j) = -11*j - 860. What is o(-77)?
-13
Let c(s) = 3*s - 39. Determine c(-6).
-57
Let v(g) = -g**2 + 124*g - 366. Calculate v(3).
-3
Let g(t) = 45387*t + 90769. What is g(-2)?
-5
Let t(n) = 90*n + 289. What is t(-3)?
19
Let q(k) = -988*k + 2974. Calculate q(3).
10
Let t(z) = -3*z**2 + 72*z - 294. What is t(19)?
-9
Let m(x) = -x**2 + 29*x - 243. What is m(20)?
-63
Let l(d) = -2*d**3 - 2*d**2 - 8*d - 25. Calculate l(-4).
103
Let n(j) = -2*j**2 + 4141*j + 37428. What is n(-9)?
-3
Let u(z) = -455*z + 1816. What is u(4)?
-4
Let s(k) = 4*k**2 - 787*k + 3837. Calculate s(5).
2
Let l(n) = -24*n**2 - n - 4. Calculate l(-2).
-98
Let d(l) = 8*l - 73. Calculate d(13).
31
Let h(a) = -2*a**2 + 62*a + 184. Give h(34).
-20
Let s(v) = -v**3 - 16*v**2 + 13*v - 57. Give s(-17).
11
Let z(i) = -2*i**2 - 16*i + 44. Calculate z(-9).
26
Let d(r) = -r**3 - 4*r**2 - 25*r + 12. Determine d(0).
12
Let l(w) = -3*w**3 - 19*w**2 + 114*w + 720. Determine l(-6).
0
Let v(r) = -r**3 + 13*r**2 + 45*r + 30. Give v(16).
-18
Let k(w) = 11*w**2 + 190*w + 24. What is k(-17)?
-27
Let m(p) = 5*p**3 - 71*p**2 + 72*p + 67. Give m(13).
-11
Let t(w) = w**3 + 13*w**2 + 23*w + 22. Calculate t(-11).
11
Let q(t) = 85*t + 231. What is q(-3)?
-24
Let n(l) = 40*l + 498. What is n(-13)?
-22
Let g(j) = 3*j**2 - 600*j + 4054. Give g(7).
1
Let l(a) = a + 63. Determine l(-9).
54
Let j(a) = -a**2 - 36*a + 2366. Calculate j(34).
-14
Let t(r) = 329*r - 2973. Calculate t(9).
-12
Let m(q) = -165*q - 843. What is m(-6)?
147
Let i(c) = -67*c**2 - 49*c + 48. Calculate i(1).
-68
Let g(r) = -503*r + 134. Calculate g(1).
-369
Let c(d) = d**2 - 15*d - 2023. Give c(-38).
-9
Let y(o) = -2*o**2 - 531*o - 27873. What is y(-72)?
-9
Let i(c) = -17*c - 919. What is i(-53)?
-18
Let m(n) = n**3 - 11*n**2 + 31*n - 4. Calculate m(5).
1
Let d(u) = 4*u**2 + 15*u + 1. Calculate d(-4).
5
Let g(c) = 32*c + 1493. Give g(-54).
-235
Let l(r) = r**2 + 24*r + 443. Give l(-27).
524
Let a(o) = 13*o**2 + 315*o + 629. Give a(-2).
51
Let o(t) = t**2 - 891*t - 319205. Calculate o(-274).
5
Let z(m) = 2*m**3 + 175*m**2 + 427*m + 165. Calculate z(-85).
-5
Let f(a) = a**3 - 11*a**2 - 36*a + 379. Give f(10).
-81
Let r(l) = 8993*l - 89915. Calculate r(10).
15
Let h(w) = w**2 - 534*w - 6554. Give h(-12).
-2
Let j(m) = -2*m**3 + 65*m**2 - 34*m + 74. Determine j(32).
10
Let r(q) = -6*q**2 - 3*q - 7. What is r(-6)?
-205
Let m(p) = -8*p**3 - 67*p**2 - 12*p - 4. What is m(-8)?
-100
Let b(q) = -q**2 - 12*q + 60. Calculate b(6).
-48
Let h(i) = 8*i**2 + 100*i - 177. What is h(2)?
55
Let d(n) = -209*n + 2068. Calculate d(10).
-22
Let w(k) = -k**3 + 10*k**2 - 9*k + 10. What is w(4)?
70
Let u(b) = 23*b**2 + 1123*b - 199. Determine u(-49).
-3
Let r(m) = -m**2 + 9*m + 1856. What is r(-38)?
70
Let r(f) = -2*f**2 - 23*f + 122. What is r(-17)?
-65
Let a(k) = k**3 - 128*k**2 + 366*k + 28. Determine a(3).
1
Let q(y) = y**3 - 3*y**2 - 36*y - 36. Give q(8).
-4
Let a(q) = q**3 - 15*q**2 - 35*q + 871. Calculate a(11).
2
Let h(b) = -b**2 - 7*b - 252. What is h(-11)?
-296
Let r(l) = 3625*l + 2. Determine r(0).
2
Let n(z) = 108*z**2 + 9*z - 8. Determine n(1).
109
Let y(i) = 2*i**2 - 906*i - 14047. Calculate y(-15).
-7
Let o(v) = v**3 - 24*v**2 + 148*v - 16. Determine o(13).
49
Let v(y) = 2*y**3 + 14*y**2 - 8*y - 24. Give v(-6).
96
Let x(l) = -3*l**3 + 100*l**2 + 78*l - 137. Calculate x(34).
203
Let v(x) = -12*x + 171. Give v(33).
-225
Let g(i) = 1534*i - 6142. Calculate g(4).
-6
Let i(s) = 2*s**2 - 15*s - 442. Give i(22).
196
Let y(c) = 2*c**2 - 109*c - 232. Determine y(54).
-286
Let l(d) = -d**3 - 42*d**2 + 34*d + 2779. Give l(-41).
-296
Let p(m) = 167*m - 236. What is p(2)?
98
Let z(h) = 237*h - 20631. Determine z(87).
-12
Let o(j) = -242*j**2 + 15*j - 3. Determine o(1).
-230
Let u(y) = y**3 - 24*y**2 + 112*y - 62. Give u(18).
10
Let h(s) = 122*s + 35. Determine h(0).
35
Let k(q) = 6*q**2 + 36*q + 65. Determine k(-8).
161
Let z(x) = -x**2 - 81*x - 1471. Calculate z(-28).
13
Let r(b) = -2*b**3 + 29*b**2 - b - 181. Give r(14).
1
Let w(r) = 1922*r**2 - 21144*r + 10. What is w(11)?
-12
Let y(t) = -1710*t + 10255. What is y(6)?
-5
Let o(h) = 15*h - 1377. Give o(92).
3
Let z(r) = -7*r**3 - r**2 - 4. Give z(2).
-64
Let a(y) = -y**3 - 42*y**2 + 8*y - 1466. What is a(-43)?
39
Let o(h) = h**2 - 223*h - 2083. Determine o(-9).
5
Let b(v) = -112*v - 527. What is b(-5)?
33
Let x(i) = -2*i**3 - 10*i**2 - 58*i + 13. What is x(-7)?
615
Let o(f) = 331*f - 23173. Determine o(70).
-3
Let w(f) = -14*f + 18. Determine w(-3).
60
Let u(t) = 3*t**3 + 112*t**2 - 189*t + 209. What is u(-39)?
-25
Let a(y) = -134*y - 928. Determine a(-7).
10
Let t(z) = -z**2 + 56*z + 810. Calculate t(68).
-6
Let m(o) = -o**3 - 28*o**2 - 46*o + 154. Determine m(-26).
-2
Let m(y) = 3*y**2 - 36*y - 34. What is m(12)?
-34
Let w(k) = 5*k - 10. Determine w(-15).
-85
Let s(b) = -b**2 - 44*b + 823. Give s(-58).
11
Let p(i) = i**2 + 76*i + 510. Calculate p(-70).
90
Let p(c) = -23*c + 48. Calculate p(12).
-228
Let c(h) = -3*h**3 - 15*h**2 - 2*h - 5. What is c(-5)?
5
Let y(a) = -a**3 + 53*a**2 - 673*a + 49. Determine y(32).
17
Let g(k) = -k**3 + 13*k**2 - 27*k - 16. Give g(9).
65
Let t(r) = 8*r**2 - 6*r - 14. Give t(0).
-14
Let f(x) = x**3 - 15*x**2 + 64*x - 418. What is f(11)?
-198
Let f(y) = -y**3 - 6*y**2 - 14*y - 19. Give f(-2).
-7
Let z(f) = -f**2 + 935*f + 3756. Give z(-4).
0
Let l(y) = -y**3 + 30*y**2 - 31*y + 35. Calculate l(29).
-23
Let l(s) = 86*s - 72. What is l(4)?
272
Let t(i) = 1712*i - 27392. Determine t(16).
0
Let c(t) = 11913*t - 238265. Determine c(20).
-5
Let s(f) = f**2 + 17*f - 20. Calculate s(-9).
-92
Let j(x) = x**3 + 5*x**2 - 16*x - 27. Calculate j(5).
143
Let v(f) = 10*f**2 + 22*f - 33. Give v(-4).
39
Let l(w) = 8*w**2 - 197*w - 73. Determine l(25).
2
Let l(z) = -3*z**2 + 81*z - 511. Give l(11).
17
Let f(n) = -n**3 + 15*n**2 - 7*n - 11. Determine f(14).
87
Let d(z) = 25*z**2 - 820*z + 68. Calculate d(33).
233
Let r(n) = 3*n**2 - 47*n - 471. Determine r(26).
335
Let d(r) = 3*r**3 - 2*r**2 + 12*r - 7. Calculate d(2).
33
Let o(g) = 36*g**2 - 2*g - 1. What is o(1)?
33
Let f(x) = 38*x + 142. What is f(18)?
826
Let x(c) = 3*c**2 + 114*c + 1085. Calculate x(-11).
194
Let x(t) = 16*t**2 + 6*t - 10. Calculate x(2).
66
Let g(r) = -r**2 - 23*r + 107. Calculate g(5).
-33
Let h(s) = s**3 - 67*s**2 - 133*s - 368. Give h(69).
-23
Let n(i) = -i**2 - 60*i - 7. What is n(-60)?
-7
Let v(l) = 158*l - 3444. What is v(22)?
32
Let y(b) = 46*b - 2396. What is y(52)?
-4
Let g(x) = 10*x**2 + 57*x - 3. Calculate g(-3).
-84
Let l(g) = -2*g**2 + 48*g + 49. Determine l(27).
-113
Let c(z) = 398*z + 1192. Calculate c(-3).
-2
Let k(t) = 20*t + 445. What is k(-20)?
45
Let b(q) = q**3 + 9*q**2 + q + 58. Calculate b(-9).
49
Let w(t) = t**3 - 57*t**2 - 11*t + 670. Determine w(57).
43
Let a(m) = -61*m - 984. What is a(-15)?
-69
Let l(a